is the remainder when o(-10) is divided by l?
3
Let c = -17 - -28. Let n = -4 - -7. Let w(g) = -g**3 + 5*g**2 + 2*g - 3. Calculate the remainder when w(n) is divided by c.
10
Suppose 0 = -5*i + 19 + 6. Calculate the remainder when 18 is divided by i.
3
Let h(w) = w**3 - 7*w**2 + 7*w + 1. Suppose a - 18 = -2*a. Suppose 2*v - 44 = -18. Calculate the remainder when v is divided by h(a).
6
Let x = -1 + 2. Suppose -2*f = 2*f. Suppose f = w + 2*w - 5*k + 4, -2*w + k + 2 = 0. Calculate the remainder when w is divided by x.
0
Suppose 25 + 0 = 5*l. Calculate the remainder when l is divided by ((-8)/1)/(1 + -3).
1
What is the remainder when 12 is divided by 17/5 + 3 + (-34)/10?
0
Suppose -5*c - 5*z = -265, 2*c - 93 = 4*z + 7. Suppose -2*k = -42 - c. What is the remainder when k is divided by 12?
11
Suppose -5*z - 20 = -0*z. Calculate the remainder when 261/4 + z/16 is divided by 22.
21
Suppose -6*n - 108 = -18*n. Let i(k) = k**2 + k + 25. What is the remainder when i(0) is divided by n?
7
Suppose 2*w = 6*w + 4. Let d be (-3)/(w*6)*-6. Calculate the remainder when d + (1 - -17) + -3 is divided by 7.
5
What is the remainder when 9 is divided by 6/(6*(2 + 14/(-8)))?
1
Let p(w) = w**2 + 5*w - 10. Let x be p(-7). Suppose x*j = -4*n + 32, -1 = 5*n - 3*j - 81. What is the remainder when n is divided by 4?
1
Suppose -3*c = -70 + 1. Calculate the remainder when 66 is divided by c.
20
Let q(h) = h**3 + 7*h**2 - 21*h - 7. Calculate the remainder when q(-9) is divided by 4.
0
Let o = -107 - -124. What is the remainder when 33 is divided by o?
16
Let q(z) = 11*z - 12*z - 5 + 132*z**3 + 4. Let d be q(-1). Calculate the remainder when (2/3)/((-2)/d) is divided by 15.
14
Suppose 0 = 2*g - 14 + 74. Let n = 42 + g. Suppose -5*i = 2*m - 33 - 30, 4*m = 2*i + 138. Calculate the remainder when m is divided by n.
10
Let m = -5 - -23. Let k = m - 5. Calculate the remainder when 23 is divided by k.
10
Let n = 158 + -60. Let d = n - 58. Calculate the remainder when d is divided by (-355)/(-25) - 1/5.
12
Let a be (15 - 0) + 0/3. Let i = 11 - a. Calculate the remainder when 23 is divided by (i/6 - -2)*9.
11
Let v be (-1)/(-2)*-5*-2. What is the remainder when 15 is divided by (6/v)/(2/10)?
3
Suppose 11 = -3*r + 5*d, 3*r + 2*d = -d + 21. Suppose -117 - r = -4*x. Suppose 3*g - g - x = 0. Calculate the remainder when g is divided by 8.
7
Let i(v) = 0 + 1 - v**3 + 12*v**3. Calculate the remainder when 45 is divided by i(1).
9
Suppose -14 = 3*o - 62. Let y(g) = g**2 + 7*g + 9. What is the remainder when o is divided by y(-7)?
7
Suppose -4*m + i + 9 + 10 = 0, 0 = m + 3*i - 8. Suppose -m*b + 62 = -4*b. What is the remainder when b is divided by 21?
20
Let a = -48 + 80. Calculate the remainder when a is divided by 11.
10
Let s = 1 - 0. Let k(l) = 43*l. Let g = 0 - -15. Calculate the remainder when k(s) is divided by g.
13
Suppose 0 = -3*i - 4*f + 52, i - 27 + 3 = -3*f. Let m(o) = 8*o**2 - 2*o - 2. What is the remainder when m(-2) is divided by i?
10
Suppose -h - 44 = -5*h. Calculate the remainder when 42 is divided by h.
9
What is the remainder when 24 is divided by ((-5)/15)/(43/(-42) - -1)?
10
Let v(x) = x**3 + x**2 + 5. Let m be v(0). Suppose m*r - 18 = 12. Calculate the remainder when (-3)/(-27)*3*r is divided by 1.
0
Let g(n) = -n**2 + 7*n - 10. Let y be g(5). Let d = 3 - y. Calculate the remainder when 9 is divided by d.
0
Let l be 42/10 + (-1)/5. Suppose -3 = b, l*h + 4*b - 66 - 86 = 0. Calculate the remainder when h is divided by 15.
11
Let f(d) = 6*d - 5. Let p be f(-5). Suppose 4*g = h - 0*h - 52, 0 = -2*g + 4. Let n = h + p. Calculate the remainder when n is divided by 14.
11
Let v = 112 + -64. What is the remainder when 141 is divided by v?
45
Let v = 118 - 51. Suppose 2*t - v = -0*t - k, 0 = k - 5. What is the remainder when t is divided by 8?
7
Let z(x) = -5*x + 1. Let n(o) = -2*o**2 + 21*o + 14. Calculate the remainder when z(-2) is divided by n(11).
2
Suppose 0 = -5*i - 3*g + 166, 0*i = i - 3*g - 44. What is the remainder when (21/(-14))/(6/(-28)) is divided by 1/(-2) + i/10?
1
Let p = 2 + -2. Suppose p*q - q + 3 = 0. Suppose -12 = 16*z - 156. Calculate the remainder when z is divided by q.
0
Suppose 24*t - 34*t = -1450. What is the remainder when t is divided by 50?
45
Suppose 4*n = 2*n - 4. Let p = -4 - n. Let i = p + 6. Calculate the remainder when 6 is divided by i.
2
Suppose -3*t + z + 238 = 0, -2 = 5*z - 27. What is the remainder when t is divided by 21?
18
Suppose 2*v = 7*v + 5. Let j be ((-78)/9)/(v/3). Suppose o + j = 3*o + 3*q, 0 = -3*o + q + 61. What is the remainder when o is divided by 10?
9
Let v(g) = 2*g + 1. Suppose 175 = 7*c - 2*c. Calculate the remainder when c is divided by v(4).
8
Suppose -5*j + 30 = -40. Let t(s) = -4*s - 1. Let a be t(-1). What is the remainder when (4/a)/((-2)/(-81)) is divided by j?
12
Suppose 2*m - 4 = 0, -5*j - 200 = 5*m - 0*m. Calculate the remainder when 2/(-14) - 300/j is divided by 4.
3
Suppose 4*p + 245 = 5*c - p, 2*c = 4*p + 94. What is the remainder when c is divided by (26/4)/((-1)/(-2))?
12
Let g = 91 - -6. What is the remainder when g is divided by 25?
22
Let o(c) = -3*c + 1. Let m be o(-1). Suppose 0 = -3*a - 3*d - 9, 4*a - 8 = m*d + 12. What is the remainder when 2 is divided by a?
0
Suppose -5*z + 4*f - 7 = -54, -z = 4*f + 5. What is the remainder when z is divided by 3?
1
Suppose 0 = s + 2*c - 28, -4*s + 5*c + 47 + 13 = 0. Let p be (-2)/2*1/1. Calculate the remainder when s is divided by (-42)/(-4) + p/(-2).
9
Let k(l) = -l**2 + 8*l - 4. Let x be k(7). Suppose -4*z - 16 = -2*r, -x*z + 29 = 4*r - 8*z. What is the remainder when r is divided by 2?
0
Let z(c) = c**3 + 5*c**2 + 4*c + 3. Let l be -1 - -1 - (-5 + 1). Let x = l + 0. What is the remainder when z(-2) is divided by x?
3
Let h(j) = -8*j + 1. What is the remainder when 0 - ((-76 - 1) + 3*1) is divided by h(-3)?
24
Let n(i) = 46 - 16 - 17 - i. Calculate the remainder when n(7) is divided by 4.
2
Suppose -110*y - 438 = -113*y. What is the remainder when y is divided by 37?
35
Suppose 5*o - 32 = 3*o. What is the remainder when o is divided by (8/6)/((-8)/(-36))?
4
Let q = -5 - -29. Suppose i - 14 = 6. Let k = -7 + i. Calculate the remainder when q is divided by k.
11
Let f be (-157)/(2 + -1 + 0). Let b = -90 - f. Calculate the remainder when b is divided by 17.
16
Suppose 4*n - 27 = -f, -8 = 5*n - f - 44. Calculate the remainder when 60 is divided by n.
4
Let u(d) = d**3 + d**2 - 3*d + 12. What is the remainder when 70 is divided by u(0)?
10
Let k be 2/10 + (-22)/10. Suppose -2*l + 27 = -5*c, -7*l + 32 = -4*l + c. What is the remainder when l is divided by (-192)/(-33) - k/11?
5
Suppose 80 = -105*t + 109*t. Calculate the remainder when 77 is divided by t.
17
Let r be ((-9)/(-36))/(2/24). Suppose 4*x = -r*t + 182, 3*t - 172 = 3*x - 2*x. What is the remainder when t is divided by 20?
18
Let n(u) = -u**2 + 8*u + 11. Let z be n(9). Suppose 2*j - 164 = -z*j. What is the remainder when j is divided by 14?
13
Suppose -u + 28 = 5*l, 2*u = 4*l + u - 26. Suppose -2*a + l = -10. Suppose -3*y - a = -4*y. Calculate the remainder when 22 is divided by y.
6
Suppose 0 = 11*n - 2*n - 45. What is the remainder when 24 is divided by n?
4
Let j(k) = 6*k. What is the remainder when j(5) is divided by 4?
2
Let n be (-3 + 3)/(-2) - -255. Suppose 2*x - n = 7*x. Let c = 86 + x. Calculate the remainder when c is divided by 18.
17
Suppose o = 2*o - 104. Let j = 147 - o. What is the remainder when j is divided by 22?
21
Suppose -3*g + 98 = 4*g. Let l = -76 - -116. What is the remainder when l is divided by g?
12
Let f = 4 + -1. Let s = f - -10. Suppose 4*c + c = 185. Calculate the remainder when c is divided by s.
11
Let r = 624 - 63. Let m be (2/(-6))/((-1)/r). Let j = m - 122. What is the remainder when j is divided by 22?
21
Let b be 1 + -19 - (-5 + 8). Let g = b + 41. Calculate the remainder when g is divided by 7.
6
Suppose 5*o - 70 = 4*w, w = o - w - 20. Calculate the remainder when 25 is divided by o.
5
Let c = 28 - -11. Suppose 4*q + 3 - c = 0. Let b = -25 - -42. What is the remainder when b is divided by q?
8
Suppose -32 = -3*o + 4*q, -q - q = 10. Suppose 0 = o*r - 4*s - 21 - 67, 2*r = 5*s + 59. Suppose -49 = 4*v - 5*v. Calculate the remainder when v is divided by r.
15
Calculat